me?
False
Is 656509 a composite number?
True
Is 105749 composite?
True
Is 2016253 composite?
True
Is 48071 prime?
False
Is 192959 a prime number?
False
Is 144663 composite?
True
Is 366257 a composite number?
True
Is 20671 a prime number?
False
Is 907 prime?
True
Is 5811631 composite?
True
Is 449099 composite?
True
Is 307847 composite?
True
Is 1167521 a prime number?
False
Is 76339 prime?
False
Is 27491 composite?
True
Is 12751 a composite number?
True
Is 1183121 composite?
False
Is 52034 prime?
False
Is 14137 a prime number?
False
Is 5167 a prime number?
True
Is 84857 a composite number?
False
Is 24253 a prime number?
False
Is 41161 a composite number?
False
Is 451249 prime?
True
Is 16789 a prime number?
False
Is 25867 prime?
True
Is 18059 a prime number?
True
Is 195067 composite?
True
Is 89497 prime?
False
Is 25967 a composite number?
True
Is 17833 a composite number?
True
Is 2972771 a prime number?
True
Is 21643 composite?
True
Is 16873 a composite number?
True
Is 697 a prime number?
False
Is 82589 prime?
False
Is 5310451 composite?
True
Is 70069 composite?
True
Is 114157 composite?
False
Is 2581 a composite number?
True
Is 170953 a composite number?
False
Is 313207 a composite number?
False
Is 96241 a prime number?
False
Is 250579 composite?
True
Is 1233299 composite?
True
Is 131717 composite?
True
Is 160177 a composite number?
True
Is 164569 a prime number?
True
Is 4811 composite?
True
Is 30403 prime?
True
Is 18041 a composite number?
False
Is 223898 prime?
False
Is 4201 a composite number?
False
Is 978203 a prime number?
True
Is 42151 prime?
False
Is 2217071 composite?
True
Is 489733 a prime number?
True
Is 37253 a composite number?
False
Is 4087 prime?
False
Is 5409913 a prime number?
True
Is 2766101 a prime number?
False
Is 88285 a composite number?
True
Is 4721 prime?
True
Is 42101 a prime number?
True
Is 65951 a prime number?
True
Is 11269 a prime number?
False
Is 73897 prime?
True
Is 133559 a composite number?
False
Is 1019771 a composite number?
False
Is 28687 composite?
False
Is 278311 prime?
False
Is 164821 prime?
True
Is 14981 a prime number?
False
Is 2855 prime?
False
Is 60785 composite?
True
Is 1551611 a composite number?
True
Is 1067 a prime number?
False
Is 251581 a prime number?
False
Is 64445 a composite number?
True
Is 103171 a prime number?
True
Is 60493 a composite number?
False
Is 1663 prime?
True
Is 287597 composite?
False
Is 78311 a composite number?
False
Is 2023501 a composite number?
False
Is 24326 composite?
True
Is 200117 a composite number?
False
Is 8407 composite?
True
Is 8923 a prime number?
True
Is 165065 prime?
False
Is 77845 composite?
True
Is 159 a composite number?
True
Is 410149 prime?
True
Is 10181 a composite number?
False
Is 171077 a composite number?
False
Is 618446 composite?
True
Is 3511 composite?
False
Is 1196399 a composite number?
False
Is 654149 prime?
True
Is 91474 a prime number?
False
Is 39821 prime?
True
Is 918763 a composite number?
False
Is 14215 composite?
True
Is 5543 prime?
False
Is 1099219 prime?
False
Is 64399 a composite number?
False
Is 401 a prime number?
True
Is 238501 a composite number?
True
Is 2789 a prime number?
True
Is 842827 a prime number?
False
Is 123593 composite?
False
Is 165733 a prime number?
False
Is 1548847 prime?
True
Is 23251 composite?
False
Is 7433 prime?
True
Is 8501 a composite number?
False
Is 17083 composite?
True
Is 46378 prime?
False
Is 2380121 composite?
False
Is 55243 prime?
True
Is 140443 composite?
False
Is 13119 a composite number?
True
Is 66743 a composite number?
True
Is 91009 a prime number?
True
Is 98251 composite?
False
Is 773651 prime?
False
Is 4619 composite?
True
Is 8519 composite?
True
Is 10559 prime?
True
Is 14917 composite?
True
Is 37619 composite?
False
Is 22007 prime?
False
Is 478189 a prime number?
True
Is 73631 a prime number?
False
Is 106349 a prime number?
True
Is 178 composite?
True
Is 290959 prime?
True
Is 1878139 prime?
True
Is 102761 prime?
True
Is 381869 a composite number?
True
Is 26141 composite?
False
Is 579457 composite?
True
Is 22613 a composite number?
False
Is 5755 a composite number?
True
Is 8497 prime?
False
Is 31847 a prime number?
True
Is 26303 a composite number?
True
Is 341195 composite?
True
Is 159781 composite?
True
Is 1220041 composite?
False
Is 14173 a prime number?
True
Is 31307 a prime number?
True
Is 22147 composite?
False
Is 41801 a prime number?
True
Is 481101 prime?
False
Is 37087 prime?
True
Is 5627 a prime number?
False
Is 840361 a prime number?
False
Is 787 composite?
False
Is 2363783 prime?
True
Is 2374 prime?
False
Is 9338543 a prime number?
True
Is 2521 composite?
False
Is 16759 prime?
True
Is 12473 composite?
False
Is 426779 a prime number?
True
Is 8491 a composite number?
True
Is 57467 a prime number?
True
Is 4531 prime?
False
Is 7255 prime?
False
Is 1600861 a prime number?
True
Is 120473 composite?
False
Is 164789 a composite number?
False
Is 722653 a composite number?
True
Is 104243 composite?
False
Is 1078127 composite?
False
Is 5603 a prime number?
False
Is 723601 a prime number?
True
Is 125707 a prime number?
True
Is 8849 a prime number?
True
Is 13402 prime?
False
Is 1043 composite?
True
Is 263527 a composite number?
True
Is 73641 composite?
True
Is 128377 prime?
True
Is 26458 prime?
False
Is 6761 a composite number?
False
Is 243989 prime?
True
Is 8247 prime?
False
Is 24499 a prime number?
True
Is 39859 a composite number?
True
Is 180343 a prime number?
False
Is 11213 a prime number?
True
Is 123763 a prime number?
False
Is 809551 prime?
False
Is 325874 prime?
False
Is 6401 composite?
True
Is 10347 composite?
True
Is 538247 a prime number?
True
Is 167133 composite?
True
Is 17807 prime?
True
Is 32987 prime?
True
Is 189691 composite?
False
Is 34249 a prime number?
False
Is 161134 composite?
True
Is 55733 a composite number?
False
Is 43037 prime?
True
Is 57151 a composite number?
True
Is 107021 prime?
True
Is 9863 a composite number?
True
Is 227015 a composite number?
True
Is 1847 a composite number?
False
Is 273431 composite?
True
Is 21787 composite?
False
Is 54461 a composite number?
True
Is 1841 a prime number?
False
Is 14263 composite?
True
Is 61069 a prime number?
False
Is 448199 a composite number?
False
Is 447 prime?
False
Is 284638 a composite number?
True
Is 10711 a composite number?
False
Is 541 a composite number?
False
Is 26183 a composite number?
False
Is 4169 composite?
True
Is 868151 composite?
False
Is 254489 a prime number?
True
Is 211317 composite?
True
Is 1064867 prime?
True
Is 63377 prime?
True
Is 8999 prime?
True
Is 112669 a prime number?
False
Is 12391 composite?
False
Is 271393 prime?
True
Is 2269 a prime number?
True
Is 48649 composite?
False
Is 119107 composite?
False
Is 425977 prime?
True
Is 78101 composite?
False
Is 21439 a prime number?
False
Is 113281 composite?
True
Is 480317 a composite number?
False
Is 3629 a composite number?
True
Is 16917 a prime number?
False
Is 79103 prime?
True
Is 345011 composite?
False
Is 6767 a composite number?
True
Is 900491 a prime number?
True
Is 493 a composite number?
True
Is 3389 prime?
True
Is 29629 prime?
True
Is 356551 prime?
False
Is 452953 composite?
False
Is 135559 composite?
False
Is 402991 a composite number?
False
Is 1312513 a composite number?
False
Is 489 a prime number?
False
Is 23559 composite?
True
Is 1070309 a prime number?
True
Is 20873 a prime number?
True
Is 16241 a composite number?
True
Is 12791 a prime number?
True
Is 6041 a composite number?
True
Is 11303 a composite number?
True
Is 62347 a prime number?
True
Is 990761 a composite number?
False
Is 260171 a prime number?
True
Is 39289 composite?
True
Is 33679 a prime number?
True
Is 29593 composite?
True
Is 773399 a composite number?
True
Is 985631 a prime number?
True
Is 381629 a composite number?
False
Is 12247 composite?
True
Is 8641 composite?
False
Is 3803 prime?
True
Is 2199677 a composite number?
True
Is 12037 a prime number?
True
Is 65 a prime number?
False
Is 72739 a prime number?
True
Is 1697621 a composite number?
False
Is 222049 prime?
False
Is 346159 composite?
True
Is 1367 a prime number?
True
Is 242243 prime?
True
Is 877 a composite number?
False
Is 23971 a composite number?
False
Is 2591 a prime number?
True
Is 24257 a composite number?
True
